t t be a(4). Let y = d + t. What is the tens digit of y?
2
Let r be -61 + 1 + (-3 - -4). Let j = -57 - r. Suppose -2*y - 4 = 0, j*y - 3 = -2*l + 65. What is the tens digit of l?
3
Let c = 146 - -7. Let d = 410 - c. What is the tens digit of d?
5
Let d = 54161 + -37495. What is the tens digit of d?
6
Suppose 65*d - 43575 = 63*d - 3*o, o = 5*d - 108997. What is the units digit of d?
8
Let x(c) = -4. Let g(j) = -471*j + 9. Let a(v) = -g(v) - 5*x(v). What is the hundreds digit of a(2)?
9
Let h be (1*-2)/(-3 - -1). Let c = h + 4. Suppose -c*x - 33 = -b, -5*b + 4*x + 230 = -19. What is the tens digit of b?
5
Let o = -4176 - -14308. What is the tens digit of o?
3
Let t(d) = 172*d. Let o be t(1). Suppose 5*j + 4*p + 499 = 0, -3*j + 3*p - 292 = -2*p. Let v = o + j. What is the tens digit of v?
7
Suppose 6938 = -0*p + 2*p - 5*t, 12 = 3*t. What is the units digit of p?
9
Suppose -26*m + 77 = -37*m. What is the units digit of (m/7 + 0)/(1/(-395))?
5
Let t be 3*(-1 - 32/(-12)). Suppose -2*i + 507 = t*u - 5*i, 182 = 2*u + 4*i. Suppose -4*f = c - u, -f = -0*f + 4*c - 36. What is the tens digit of f?
2
Suppose 31*p - 12 = 28*p. Let y be -4*(1 - -1)*2/p. What is the hundreds digit of (11 - 3)/y - -116?
1
Let d be 6*-1*1/(-3). Suppose -k = -5*i + 4347, d*i + 7*k = 4*k + 1749. What is the tens digit of i?
7
Let n = -266 + 262. Let r(f) = -135*f + 6. What is the tens digit of r(n)?
4
Suppose 23*x - 11273 = -3*k + 25*x, 3*k + x = 11288. What is the hundreds digit of k?
7
Let p(j) = -20*j**2 + j - 1. Let t be p(1). Let d be (-5*4/t)/1. What is the tens digit of 2 - d*(5 - 1) - -99?
9
Let i = -19335 - -24769. What is the hundreds digit of i?
4
Let u(t) = 205*t**2 + 244*t - 2846. What is the ten thousands digit of u(13)?
3
Let t(i) = i**2 - 5*i + 2. Let u be t(2). What is the hundreds digit of (-226981)/(-244) - (-5)/u?
9
Let a(r) = r**3 - 14*r**2 + 10*r + 36. Let w be a(13). Let y be (4/(-32)*2)/(w/24). Suppose 73 = -y*n + 417. What is the tens digit of n?
7
Suppose 416*u - 40698 = 382*u. What is the units digit of u?
7
Suppose -11 = -5*b + 3*q, 0 = -5*b + 5*q + 7 + 8. Let x be b*-4 + (2 - 2). What is the tens digit of x/(-6) + (1479/9 - 1)?
6
Let b = -205 + 207. Suppose 2*x - 818 = -0*x - b*i, -3 = i. What is the tens digit of x?
1
Let d(b) = -2*b**3 + 40*b**2 + 2*b - 30. Let s be d(20). Let q be (-1 - (-3 + 20/8))*6. What is the tens digit of 173 + q*s/15?
7
Let k(w) = -w**2 - 29*w - 48. Let j be k(-27). Suppose -3*d = -4*z - 567, -d + j*z + 208 = 11*z. What is the hundreds digit of d?
1
Suppose -47*g + 45*g - 12 = 0. Let a(u) = -35*u + 131. What is the units digit of a(g)?
1
Suppose y = 3*y - 16. Let v be 6/y + 117/36. Suppose 0 = v*i - 7*i + 9, 5*m + 4*i - 417 = 0. What is the units digit of m?
1
Let r(a) = 341*a**2 - 11*a - 64. What is the thousands digit of r(10)?
3
What is the hundreds digit of ((-27)/3)/(5*(-2)/(-28650)*-3)?
5
Let t = -7543 + 13948. What is the thousands digit of t?
6
Suppose 274 + 336 = 10*a. Let b = 645 - a. What is the tens digit of b?
8
Let d be (-4)/10 - 338/5. Let c be 2474/24 + (-1)/12. Let u = d + c. What is the tens digit of u?
3
Suppose 0 = -51*d + 99943 + 116246. What is the units digit of d?
9
Suppose 1402*u - 169820 = 1374*u. What is the tens digit of u?
6
Let h = 44697 - 23777. What is the units digit of h?
0
What is the tens digit of (-162 + 160)/((-4)/3918)?
5
Let u(l) be the first derivative of 4*l**3 + 6*l**2 - 8*l + 61. What is the hundreds digit of u(5)?
3
Suppose -110848 = 32*y - 40*y. Suppose 36*a - 52*a + y = 0. What is the units digit of a?
6
Let i be (208/3)/4 - (-33)/(-99). What is the thousands digit of i/68 + (-19425)/(-12)?
1
Let n(v) = v**2 - 3*v - 2. Let f(r) = r**2. Let l(c) = 2*f(c) - n(c). Let z be l(-2). Suppose 4*y - y - 33 = z. What is the tens digit of y?
1
Let s = 84 + -74. Suppose -5*t = -s*t + 30. What is the tens digit of 1 - ((-2365)/25 - t/15)?
9
Let r = 1128 + -756. Let c = -794 + 538. Let q = c + r. What is the units digit of q?
6
Let c(f) = -8*f - 54. Let h be c(-7). Suppose -h*g + 3*g + 129 = 0. Let t = g - -277. What is the units digit of t?
8
Let n(g) = 3*g + 6. Let v(u) = -6*u - 11. Suppose -q + 4*q - 18 = 0. Let w(y) = q*v(y) + 13*n(y). What is the units digit of w(-3)?
3
Let v(j) = j**2 - 5. Let y be v(7). Let d = y + -146. Let h = d + 172. What is the tens digit of h?
7
Let x(g) = 3*g**2 + g - 513. What is the thousands digit of x(33)?
2
Let j = 2414 + -1564. What is the hundreds digit of j?
8
Let o(g) = 650*g - 6. Suppose 68*r - 1 = 67*r. What is the tens digit of o(r)?
4
Let w(l) = -l**3 - 10*l**2 + 113*l - 9. Let h be w(6). Suppose -6*k = -2*k + 60. Let a = k + h. What is the tens digit of a?
7
Let r = 4 + -2. Suppose 3*g = -2*d + 1, -4*d + 8 = -4*g - r*d. What is the tens digit of (-4)/g - (18 - 59)?
4
Let r = 130 + -581. Let l = 664 + r. What is the hundreds digit of l?
2
Let l = -505 - -979. Let g = 793 - l. What is the units digit of g?
9
Suppose 35*z - d + 5374 = 40*z, -d - 3218 = -3*z. What is the hundreds digit of z?
0
Let u be 11/((-1 - (-9)/(-6))/(-5)). Suppose -b - 4*k - u = -3*b, -2*b = -2*k - 14. What is the tens digit of 20*(-16)/((-6)/b)?
6
Let i(w) = -w**3 + 15*w**2 + 20*w + 11. Let z = -91 + 63. Let h = z + 44. What is the tens digit of i(h)?
7
Let r be 14/7 - ((-1)/1 + 8). Let q be 10*((-2)/r)/((-2)/14). What is the units digit of ((q/35)/2)/((-2)/290)?
8
Let q(j) = 7*j + 83. Let s be q(-11). Suppose 12*n - s*n - 2322 = 0. What is the tens digit of n?
8
What is the thousands digit of ((-190)/(-10) + 331)/(2/76)?
3
Suppose -90 = -4*z + 10*z. What is the tens digit of 59/(3 - (-42)/z)?
9
Suppose -31*h = -27*h - 40. What is the hundreds digit of (-3 + (h - 6))*651?
6
Let g(p) = p**3 - 14*p**2 + 12*p + 22. Let t be g(13). Suppose -t*l = -487 - 557. What is the tens digit of l?
1
Suppose -5*n = -52 + 27. Suppose 2*l + y - 163 = 0, n*y = 6*l - 7*l + 59. What is the units digit of l?
4
Suppose 24*d - 158894 = 64186. Suppose -d = 33*b - 43582. What is the tens digit of b?
3
Suppose 146*d - 61228 = 142*d + 4*x, 2*d = 4*x + 30606. What is the thousands digit of d?
5
Suppose 5*k + 2*m - 21 = 4, 16 = -3*k + 5*m. Suppose -2*u + 3*n + 1017 = 4*n, -k*u = 4*n - 1518. What is the tens digit of u?
1
Suppose 63 = -14*c - 119. Let r(z) = -41*z - 199. What is the tens digit of r(c)?
3
Let d be (2 + (24 - -1))*-1. Let f = -338 + 275. Let m = d - f. What is the tens digit of m?
3
What is the hundreds digit of ((-841560)/(-80))/((-12)/(-8))?
0
Suppose -97*z + 104*z - 154 = 0. Suppose -1197 - 10353 = -z*q. What is the units digit of q?
5
Let c(w) = 2*w**3 - 141*w**2 - 205*w - 137. What is the hundreds digit of c(72)?
6
Suppose x + 4*g - 7110 = 0, -94*x + 93*x = g - 7125. What is the thousands digit of x?
7
Suppose 2*i + 5*y - 5159 - 38101 = 0, -108057 = -5*i + 3*y. What is the thousands digit of i?
1
Suppose 4*b = 6*s - 9*s + 50, -s + 3*b - 5 = 0. What is the units digit of 2384/s + (-7)/5 + 1?
8
Suppose 5*l - 5*y = -0*l + 35, -l + 3*y + 17 = 0. Let p(t) = -t**2 + 70*t - 586. Let m be p(57). Suppose m = l*g - 127. What is the hundreds digit of g?
1
Suppose 4*k + 2*f - 19446 = 0, 953*f = 3*k + 952*f - 14602. What is the hundreds digit of k?
8
Let g = -55 + 55. Let j(y) = -42 + 43 + y + g*y. What is the units digit of j(4)?
5
Let t = 181 - 170. Let a(r) = 2*r**3 - 22*r**2 + 17*r + 25. What is the hundreds digit of a(t)?
2
Let o be (4 + -1)/((-3)/86). Let k be 0 + 0 - (5 + -173). Let m = o + k. What is the tens digit of m?
8
Let d(x) = -x**3 + 4. Let z(l) = -l**2 - 10*l - 21. Let k be z(-7). Let f be d(k). What is the tens digit of 14 + 1 + f + -5?
1
Let p = -1160 + 546. Let h = 905 + p. What is the tens digit of h?
9
Let l = -6087 + 10731. What is the hundreds digit of l?
6
Let o(q) = -25*q + 12. Let b(j) = -2*j**2 + 3*j + 1. Let x be b(-1). Let k be o(x). Suppose -5*z + 4*z = -k. What is the tens digit of z?
1
Suppose -6*f + 7963 = -11705. Suppose 8*r - 1370 = f. What is the tens digit of r?
8
Let v be 8/(-2) - -6*46. Suppose -2*p + v = -0*p. Suppose p = h + h. What is the tens digit of h?
6
Let a = -283 + 1293. Suppose 4*r + a = 9*r. Suppose 11*m = 13*m - r. What is the units digit of m?
1
Suppose -6*n = -5*n + 2. Let k(p) = 5*p**3 - 3*p**2 + 4. Let o be k(n). Let a = o + 99. What is the 